b) + z(b). Let h be (3 - 8) + -3 + (3 - 0). What is s(h)?
0
Let h(u) = -u - 1. Let c(z) = -2*z**2 - 4*z - 4. Let o(a) = c(a) - 3*h(a). Suppose -10*r = 3*p - 5*r - 7, 3*p + 1 = -r. Calculate o(p).
-2
Let k(i) = 9*i. Let m(z) = -5*z. Let t(u) = -6*k(u) - 11*m(u). Let n be ((0 - 0) + 0)*(-10 - 9/(-1)). What is t(n)?
0
Let o(v) = 7*v**3 - 10*v**2 + 23*v + 17. Let j(i) = 3*i**3 - 5*i**2 + 11*i + 8. Let h(u) = -9*j(u) + 4*o(u). Let w be 18*(60/(-300) + 2/(-15)). What is h(w)?
2
Let c = -24 + 27. Let d(l) = c*l + 1 - l**2 + 2*l + 2. Give d(7).
-11
Let k(u) be the third derivative of -u**8/3360 + u**7/2520 + u**6/720 - u**5/120 + u**4/12 + 12*u**2. Let i(d) be the second derivative of k(d). What is i(1)?
-1
Suppose 5 + 4 = 3*p. Let a be (4*p/12)/1. Let b(c) = -2*c**2 - c + 1. Give b(a).
-2
Let u(y) = -y**3 - y + 12. Let l be 2/(-3) - (-310)/15. Let n = -19 + l. Let o be (0/(-2))/(-3 + n). What is u(o)?
12
Let m(q) = 9*q - q**3 + 2*q**2 + 6*q + 16 - 8*q - 3*q + 4*q**2. Calculate m(7).
-5
Let k(p) = 7*p**2 - 10. Let f(y) = -13*y**2 + 19. Let c(m) = 6*f(m) + 11*k(m). Determine c(-3).
-5
Let o(z) = -2*z - 7. Let x = -352 - -352. Calculate o(x).
-7
Let t be (3/180)/(2/2 + 1). Let j(p) be the third derivative of 0*p - 7/6*p**3 + 6*p**2 - 1/12*p**5 + 0 + 1/24*p**4 - t*p**6. Determine j(-5).
-12
Let j be 4/((-20)/455) + 4. Let s = j - -84. Let u(r) = -r**2. Determine u(s).
-9
Let n(o) be the third derivative of -o**5/60 + o**4/12 - o**3/6 + o**2 + 11. Let k be (2 + 3)*(0 - -1). Suppose -5 = -2*g + q + 3, 26 = k*g - 4*q. Give n(g).
-1
Suppose 0*q - q = 0. Let t = 33 + -28. Suppose 2*h - t*n + 12 = q, 0 = -h - 3*h + 3*n - 10. Let o(r) = 9*r - 1. What is o(h)?
-10
Let x(s) be the second derivative of s**5/20 - 5*s**4/12 - 7*s**3/6 + 2*s**2 - 3*s + 28. Determine x(5).
-31
Let o(y) be the first derivative of -y**2 + 19*y - 213. Give o(0).
19
Let w(c) be the first derivative of c**2/2 - 3*c - 133. Calculate w(6).
3
Let h(g) = -g**2 - 9*g + 6. Let o(y) be the second derivative of 2*y**3/3 - y**2/2 + 14*y. Let n be o(-2). Give h(n).
6
Let b(s) = 2*s + 1. Let c be b(-3). Let k be 66/15 + 2/(-5). Let g(a) = -k + 2*a**2 - 3*a**2 - 2*a - 5*a. Calculate g(c).
6
Let m(b) = 2 + 4 - 4 - 1 + b. Let i(g) = -4*g + 1 + 3*g + 0. Let n(u) = 2*i(u) + m(u). What is n(-3)?
6
Suppose -57*s = -5*n - 55*s - 34, 5*s = n - 7. Let t(o) = o**2 + 3*o - 27. Calculate t(n).
13
Let u be (-209)/33 - (-4)/(-6). Let o(b) be the second derivative of b**3/6 + 2*b**2 + 4*b. Calculate o(u).
-3
Let q = -1 + 9. Let n(h) = 4*h**2 + 6 + 3139*h**3 - h - 12*h**2 - 3138*h**3. Determine n(q).
-2
Let l(s) be the third derivative of 9*s**2 - 1/12*s**4 + 0 + 0*s + 0*s**3. Calculate l(-3).
6
Let n(w) = -2*w - 3. Let b(m) = -2*m - 3. Let k(p) = -4*b(p) + 6*n(p). Calculate k(-3).
6
Let g(d) = -d**3 - 6*d**2 + 2*d + 2. Let a be (-4)/(-22) + (0 - 31/(-11)). Suppose 3*x + 15 = -a. Calculate g(x).
-10
Let x(c) = -c**2 - 12*c - 6. Let a(f) = 2*f**2 + 10*f - 33. Let s be a(2). Calculate x(s).
29
Let i = 19 + -13. Suppose 5*u + i = y + 3*y, -4 = 4*y. Let o(n) = 1. Let h(z) = z - 2. Let m(f) = 3*h(f) + 7*o(f). Give m(u).
-5
Let t(b) be the third derivative of -b**4/24 - 17*b**3/6 + 57*b**2. Determine t(-9).
-8
Let c(o) = 11*o**3 - 3*o**2 + 2*o + 6. Let d(i) = -i**2 + 1. Let w(m) = c(m) - 5*d(m). Let a = -256 + 255. Determine w(a).
-10
Let k(r) = -r**2 + 5*r + 10. Let t be k(5). Let v(g) = -t*g - 1 + g**2 + 5 + 2*g + 1. Give v(6).
-7
Suppose -25 - 3 = -4*i. Let j = i + -11. Let r(u) be the second derivative of -u**4/12 - u**3/2 - u**2/2 - 1113*u. What is r(j)?
-5
Let p(y) = -y - 22. Suppose w = j - 10, w - 41 = -j - 47. Give p(w).
-14
Let a(q) = 11*q**3 - q**2 + 2*q - 1. Let v(h) = -2*h**3 - h**2 - 1. Let u(f) = a(f) + 5*v(f). Determine u(5).
-21
Let x(n) be the first derivative of -n**4/4 + 7*n**3/3 + 9*n**2/2 - 6*n - 30. Calculate x(8).
2
Let y(j) = -j**2 - 7*j + 7. Let x(z) = z**2 + 8*z - 8. Let n(a) = -3*x(a) - 4*y(a). Let l be (-6 - -2) + 0/(-5). Calculate n(l).
-4
Let n(c) be the first derivative of -c**4/4 - 5*c**3/3 + 3*c**2/2 + 22*c + 739. Calculate n(-3).
-5
Let w(s) be the third derivative of -s**6/120 + 7*s**5/60 + s**4/12 - 7*s**3/6 + 63*s**2. Suppose 3*v - 2 = 4. Suppose -v*b + b + 7 = 0. Calculate w(b).
7
Let p = -4 + 6. Let h = p + 4. Suppose h = -2*r + 4*r. Let t(z) = -z**3 + 2*z**2 + z. Give t(r).
-6
Suppose -4 = 2*a - 2. Let v(l) = -5*l**3 - 4*l**2 - 10*l - 6. Let h(p) = -p**3 + p**2. Let f(k) = a*v(k) + 4*h(k). Calculate f(-6).
18
Let l(m) = -4*m**3 + 2*m + 2. Suppose 5*v - 15 = 4*x, 0 = -2*v + 33*x - 34*x - 7. Give l(v).
4
Let u(h) be the second derivative of -35*h**3/6 + 25*h**2/2 + 13*h. Let a(j) = -3*j + 2. Let g(y) = -25*a(y) + 2*u(y). Give g(-1).
-5
Let m be 42/8 - 9/(-12). Let c(a) = 0*a**2 + m*a - 2 + 3 - a**2 + 2. Give c(6).
3
Let z(t) = t. Let f be z(1). Let m be (5 - 8/4)*3. Let s(q) = 2*q**3 - 3*q + m + q - 8. Determine s(f).
1
Suppose -10*m - 16 = -6*m. Let n be 3 + 1 + (-6)/3. Let p(q) = -5*q + 4 - q**3 - 6*q**n + 1 - 4. Give p(m).
-11
Let g(t) = t**3 + 2*t**2 - t + 1. Let i be g(-2). Let b(p) = 5*p**i + 7*p - 19*p + 2*p + 9*p. Give b(1).
4
Let o(r) = -r**3 - 5*r**2 - 4*r + 2. Let t be o(-4). Let m(x) = x**t + 5*x + x + 2*x - 3*x. What is m(-4)?
-4
Let b be 19*(13 - 1476/114). Let m(w) = 7*w**2 - w + 1. What is m(b)?
7
Let f = -1298 - -1305. Let d(x) = -x**3 + 8*x**2 + x - 10. Calculate d(f).
46
Suppose 5*w - 3 = 2*w, -2*z = 3*w - 5. Let h(y) be the second derivative of 5*y**4/12 - y**3/3 + y**2/2 - 29*y + 1. Calculate h(z).
4
Let w(m) = 4*m**2 + 3. Let q(s) = -12*s**2 + s - 9. Let v(i) = -i**2 - 6*i - 2. Let g be v(-6). Let p(f) = g*q(f) - 7*w(f). Give p(-2).
-15
Suppose -4*i + 5*b + 150 = i, -6 = -2*b. Suppose i - 21 = -3*a. Let g(k) = -1 - 1 - 3*k + 8*k + k**2 + 0*k**2. Give g(a).
-6
Let k(p) = -p + 3. Let m(t) = t**2 - t + 1. Let o be m(1). Let b be (o/(-4))/(-1) + 69/12. Calculate k(b).
-3
Suppose 3*a = 7*b - 2*b, 2*a + 2 = 4*b. Let f(o) be the first derivative of 1/3*o**3 + 7*o - 2 - 3*o**2. Give f(a).
2
Suppose 0 = 3*q - 5*u + 20 - 7, -5*q + 4*u = 13. Let o be (1 - 0)*(-2 - q)/(-1). Let c(r) = 3*r**3 + 0 + r - 8*r**3 - 1. What is c(o)?
-5
Let r(g) be the second derivative of -1/2*g**2 + 0 + 0*g**3 + 1/12*g**4 + 1/4*g**5 + g. Let h(a) = 3*a**2 - 20*a - 1. Let i be h(0). What is r(i)?
-5
Let f(b) = 30*b + 1. Let r(n) = -88*n - 3. Let a(s) = -7*f(s) - 2*r(s). Determine a(-1).
33
Let i(a) = -2*a**2 - 92*a - 88. Let h be i(-45). Let b(g) be the first derivative of 4/3*g**3 + 1/4*g**4 - g + 5 - 1/2*g**h. Calculate b(-3).
11
Let q(p) = -7*p + 18. Let f(h) = h - 1. Let v(m) = -5*f(m) - q(m). Give v(13).
13
Let i(z) = -z**2 + z + 2. Let o be i(2). Let a be (o - 1) + 10 + -2 + -3. Let t(c) = c**3 - 5*c**2 + 4*c + 4. Calculate t(a).
4
Let s(w) = 0*w + 7 - 2*w - w**2 + w + w**2 + w**2. Determine s(3).
13
Let m(k) = -5*k**2 - 7*k - 46. Let v(n) = 3*n**2 + 5*n + 30. Let z(y) = 5*m(y) + 8*v(y). Calculate z(5).
10
Let n(r) = r**3 - 6*r**2 + 2*r - 7. Let c = 486 + -480. Calculate n(c).
5
Let g(x) be the second derivative of -x**4/12 - x**3/6 + 3*x**2/2 - 5*x - 1. Calculate g(3).
-9
Let u(y) = -4*y - 32. Let s be u(-7). Let p(k) = -9*k**2 - 6*k + 4. Let d(m) = -5*m**2 - 3*m + 2. Let a(w) = 7*d(w) - 4*p(w). Determine a(s).
2
Suppose -29*t + 57 - 202 = 0. Let h(o) = o**3 + 15 + 4*o**2 - 6*o - 16 + 2*o - 3*o. What is h(t)?
9
Let u(q) = q**2 + 3*q - 2. Let a be u(-3). Let v be (-6)/(-15)*(-5)/a. Let c(w) = -w**2 - 5*w + v - 1 + w - 3. Give c(-4).
-3
Let j(h) = 5*h**2 + h + 1. Let t be j(-1). Suppose -2*q + 3*v = -2, 5*v = q - 6*q + t. Let i(x) = 9*x**2 + x. What is i(q)?
10
Suppose q = -3*j - q - 25, 10 = -3*j + q. Let y(t) = -2*t + 4. Let p(x) = -3*x + 3. Let z(r) = j*p(r) + 4*y(r). Determine z(-1).
-6
Let r(d) = -5*d**3 + 19*d**2 - d - 4. Let w(l) = -4*l**3 + 17*l**2 - 4. Let h(g) = -5*r(g) + 6*w(g). Give h(-4).
24
Let p(k) be the third derivative of 2*k**4/3 - k**3/2 - 28*k**2. Give p(2).
29
Let l(o) = -23*o + 23. Let q(b) = -4 - 12*b + 4 + 4 + 8*b. Let z(x) = -6*l(x) + 34*q(x). Calculate z(2).
2
Let o(j) = -10*j + 24*j**3 - 6*j**2 - 4 - 43*j**3 + 18*j**3. Let r be o(-4). Let u(l) = -l**3 + 3*l**2 + 3*l - 5. What is u(r)?
-9
Let g(m) = m + 3. Let y be (-259)/148 - (-2)/(-10 - -2). Determine g(y).
